hundreds digit of (-1 + 5/(-1))*d*43?
2
Let n = 87 - 83. What is the units digit of (-7)/28 + (-1)/n*-101?
5
Let x = 1454 + -1457. Let b(a) = -2*a + 6. Let h be b(4). What is the units digit of (h - -41)/((3/(-2))/x)?
8
Let o(f) = -f**2 - f + 2. Let z be o(2). Let y be (-6)/12 - 18/z. Suppose 0 = -q + 3, -y*q - 322 = -5*c + 121. What is the units digit of c?
1
Suppose -2*p + 322 = -v, 0 = 5*p + v - 432 - 359. Let w be 54/10 - (-4)/(-10). Suppose 0 = w*x + 4 - p. What is the units digit of x?
1
Let j(g) = 25*g**2 + 18*g - 12. Let r be j(5). Let u = r - 401. What is the tens digit of u?
0
Suppose 6*m + m = -21. What is the tens digit of (-3)/(-6 - m)*61?
6
Let f(v) = v**3 - 9*v**2 + 16*v. Let q(z) = -6*z + 3. Let p be q(6). Let h = p - -40. What is the units digit of f(h)?
4
Let h(m) = m**3 + 4*m**2 + 4*m + 1. Let r be h(-3). Let p(t) = -6. Let q(j) = 72*j - 93. Let c(x) = 15*p(x) - q(x). What is the units digit of c(r)?
7
Suppose -11260 = -2*a - s, -27*a - 2*s - 5615 = -28*a. What is the thousands digit of a?
5
What is the tens digit of (45684/(-658))/((-3)/1029)?
1
Suppose -n - 5*c = -804, 3*c - 4135 = -5*n + c. Let y = n - -348. What is the hundreds digit of y?
1
Suppose -4*v - v = 0. Let b be 5*(-2)/4*(-464)/580. What is the tens digit of b + 72/(v - -1)?
7
Let j(c) = -50*c**3 + c**2 - 2*c + 2. Suppose 2*p - 4*p = -2. Let x be j(p). Let n = 79 + x. What is the tens digit of n?
3
Let b = -18953 - -21856. What is the tens digit of b?
0
Let f = -596 - -598. Let s = -66 + 241. Suppose -k = f*m + 3*m - s, 2*m = -3*k + 70. What is the tens digit of m?
3
Suppose 3*w - 322 = 227. Suppose -m + 235 = v, -2*m + 5*v = -w - 280. What is the units digit of m?
4
Let f = 105392 - 69074. What is the ten thousands digit of f?
3
Let t be (-64)/30 + 7 + 2/15. Suppose -q - t*p = -367, 371 = q + 4*p - 3*p. What is the units digit of q?
2
Let h = 102 + -102. Suppose -4*j + 8 = h, -4*z = -z + 2*j - 1912. What is the units digit of z?
6
Suppose -52258 = -6*a - 23*a. What is the units digit of a?
2
What is the ten thousands digit of ((-60)/32 + 2)/((-3)/3375864*-9)?
1
Let p(q) = 3*q + 32. Let l be p(-13). Let j be l/((-105)/6) + (-384)/(-15). What is the tens digit of (-12)/78 - (-758)/j?
2
What is the thousands digit of (-2908100)/(-364) + (-24)/(-14)?
7
Suppose 0 = 24*u - 37717 + 10741. What is the units digit of u?
4
What is the units digit of (-8 - -5) + 3 + (4 - -2335)?
9
Let p be (34/7 - 5) + (-19644)/(-14). Suppose -7*f - 934 = -2*g - 3*f, -3*g + p = -5*f. What is the units digit of g?
1
Let t(d) = 2*d**2 - 20. Let f be t(4). What is the units digit of 92 - (f/(-21))/2*-7?
0
Let z(u) = 4*u + 12*u - 12 - 12*u. Let m be z(4). Suppose 96 = m*s + 5*c - 129, 5*s + 5*c = 280. What is the units digit of s?
5
Let h be 162/45 - 4/(-10). Suppose o - 5*n - 901 = 358, n = h. What is the units digit of o?
9
Let u be 2751/35 + (-5)/((-75)/(-9)). Let w = 90 - u. Let k(v) = -v**3 + 11*v**2 + 29*v + 4. What is the hundreds digit of k(w)?
2
Suppose -21*u + 24047 - 283713 = -43*u. What is the units digit of u?
3
Suppose 0 = 70*r + 34*r - 886080. What is the thousands digit of r?
8
Suppose -2*a = -5*o + 20, -a + 20 = 4*o + 4. What is the thousands digit of a/3 - (-4*310 - -5)?
1
Let r = 1409 + -582. Suppose r = 5*s - 968. What is the tens digit of s?
5
Let m be (-66)/(-14) + 22/77. Let o(n) = -2 - 18*n + m*n - 8*n. What is the tens digit of o(-6)?
2
What is the thousands digit of (-17 + 53/3)/((0 + 2)/254022)?
4
Suppose 35*o - 38*o + 15 = 0. Suppose -2*p = -o*b + 943 - 233, -2*p + 10 = 0. Suppose 5*f = -z + 967 - 220, -f = 2*z - b. What is the units digit of f?
0
Suppose -304*i + 3*f = -303*i - 65526, 262117 = 4*i + f. What is the ten thousands digit of i?
6
Let a = -84 + 46. Let k be (a/(-95))/(1/(-35)). Let t(d) = d**3 + 14*d**2 - 4*d - 8. What is the units digit of t(k)?
8
Suppose -73499 = -18*a + 3811. What is the hundreds digit of a?
2
Let a be (15/10)/((-2)/(-4)). Suppose -7*f + 8*f = -5*t - 45, -4*f = -a*t - 27. What is the units digit of 7/t + 1 - (-156)/27?
6
Suppose 0 = -b + 4*c - 1 + 13, -4*b + 5*c + 15 = 0. Suppose 3*t + s - 6055 = b, -t + 3*s + 701 = -1324. What is the tens digit of t?
1
Suppose -21*h = -32*h + 2222. Suppose -j + 4*r + h = j, 0 = 5*j - 2*r - 481. What is the units digit of j?
5
Suppose -13023 = 7*v - 33344. What is the thousands digit of v?
2
Suppose 0 = 3*a - 1 - 5. Let x(y) = 6*y - 3 + 2 + y - 9*y + 45*y**a. What is the units digit of x(-1)?
6
Suppose 0 = -a + 4*i + 22762, 7*i - 22764 = -a + 10*i. What is the tens digit of a?
7
Let r = 213 + 1835. Suppose 3*w = c + r, c = -3 + 4. What is the hundreds digit of w?
6
Suppose 0 = -5*s + 6 + 54. Suppose 8*j = 5*j + s, 2*g = 3*j - 1496. What is the units digit of g/(-10) - (-24)/30?
5
Let d = 569 - 113. Let t be 3*-2*2054/39. Let f = t + d. What is the tens digit of f?
4
What is the ten thousands digit of 161*(-8)/56 + 15484?
1
Let k = -23599 - -30711. What is the units digit of k?
2
Suppose 369 = 4*f + o, f - 78 = 5*o - 10*o. Let u = f - 90. Suppose 48 - 3 = u*b. What is the units digit of b?
5
Let h be (-6)/(-14)*(6 - (-3 + 2)). Suppose -11 - 1 = -u - h*n, 5*u - 6 = 3*n. Suppose -91 + u = -c. What is the tens digit of c?
8
Let f(x) = -40*x + 130. Let s(q) = 918*q - 2992. Let h(r) = 68*f(r) + 3*s(r). What is the hundreds digit of h(8)?
1
What is the tens digit of ((-440)/(-45))/((-3)/(-10656))*(-63)/(-42)?
9
What is the tens digit of ((-1882)/(-12))/((-31)/(-1302))?
8
Suppose 0 = -19*h + 25*h. Suppose -4128 = -5*o + 2*m, 3*o - 5*m + 8*m - 2481 = h. What is the tens digit of o?
2
Let q = -385 - -390. Suppose -t + 4*t - 2*y - 1266 = 0, 4*t + q*y = 1665. What is the tens digit of t?
2
Let r(v) = 22*v**2 - 58*v - 1024. What is the hundreds digit of r(-19)?
0
Let q = 77 - 77. Let w(m) = -m**3 + m**2 + 6*m + 4. Let a be w(3). Suppose q = -a*t - 185 + 813. What is the tens digit of t?
5
Suppose 19*k - 14*k - 10 = 0, 0 = 4*o + 5*k - 50110. What is the thousands digit of o?
2
Suppose 124*s = 157*s + 141*s - 3856362. What is the tens digit of s?
6
Suppose 5*o + 4*x - 22121 - 10191 = 0, 19400 = 3*o - 4*x. What is the hundreds digit of o?
4
Suppose 4*w + 45*o - 43*o = 13084, -2*o - 16364 = -5*w. What is the hundreds digit of w?
2
Let h = -2266 + 4516. Suppose 170*z - 179*z = -h. What is the units digit of z?
0
Let q(y) = 37*y**2 + 5*y - 922. What is the tens digit of q(25)?
2
Let i(p) be the first derivative of p**4/2 - 5*p**3/3 - 4*p**2 + 22*p - 35. What is the tens digit of i(7)?
0
Let q be (7 - (-4)/(0 - -2)) + 5. Suppose 6*m - q*m = -928. What is the hundreds digit of m?
1
What is the thousands digit of 10963/2 + -9 + (-119)/(-14)?
5
Suppose p - 333 = -8*p. Suppose -5*s - 2 = -p. Suppose m = s*m - 246. What is the tens digit of m?
4
Let v(o) be the second derivative of -o**5/20 - o**4/2 - 7*o**3/6 - 2*o**2 + 13*o - 4. Let d be ((-27)/(-12))/(3/(-8)). What is the units digit of v(d)?
8
Let n(h) = 2*h**2 + 4*h + 1. Let p be n(-3). Suppose -171 = -p*l - 983. Let d = l + 283. What is the hundreds digit of d?
1
Let g = -38 + 73. Suppose 8*p - g - 85 = 0. Suppose 0 = -16*c + p*c + 30. What is the tens digit of c?
3
Let k(w) = 6*w**2 + 8*w - 25. Let z be k(3). Suppose -z - 156 = -d. Let f = 30 + d. What is the tens digit of f?
3
Let f(w) = 165*w**3 - 6*w**2 + 29*w - 92. What is the tens digit of f(3)?
9
Suppose 4*s + 222670 = 5*v, -2*v + 43*s = 39*s - 89056. What is the ten thousands digit of v?
4
Let d(y) be the second derivative of -13*y**3/6 - 4*y**2 + y - 72. What is the hundreds digit of d(-9)?
1
What is the units digit of (34455/(-9))/(3*((-365)/90 - -4))?
0
Suppose 31*f + 42*f - 840887 = 0. What is the units digit of f?
9
Let z = 621 + 2199. What is the hundreds digit of z?
8
Let t(f) = 2*f**3 + 4*f**2 - 4*f + 6. Suppose 9*v - 27 = 54. Let o be (-1 + v)*((-12)/8 - -2). What is the hundreds digit of t(o)?
1
Let p be ((-16)/(-4))/16*8. Suppose g + p*b + 11 = 43, -2*g = -4*b - 64. What is the tens digit of g?
3
Let u = 57 - 58. Let d be 9/u*-29 - -3. Let g = d - 108. What is the hundreds digit of g?
1
Suppose 72390 = 80*r - 730490. What is the tens digit of r?
3
Let t(r) = -r**2 + 12. Let a(i) = 3*i**2 - 36. Let x(g) = -2*a(g) - 7*t(g). Let v be x(5). Suppose -v*d + 1308 = -d. What is the units digit of d?
9
